
What are the prime factors of 2160?
2, 3, 5
What are the prime factors of 560?
2, 5, 7
List the prime factors of 730.
2, 5, 73
What are the prime factors of 1582?
2, 7, 113
List the prime factors of 605.
5, 11
List the prime factors of 3961.
17, 233
List the prime factors of 1111.
11, 101
List the prime factors of 26598.
2, 3, 11, 13, 31
List the prime factors of 6992.
2, 19, 23
What are the prime factors of 3431?
47, 73
List the prime factors of 704.
2, 11
List the prime factors of 14412.
2, 3, 1201
What are the prime factors of 35042?
2, 7, 2503
List the prime factors of 70173.
3, 23, 113
List the prime factors of 40742.
2, 13, 1567
What are the prime factors of 937?
937
What are the prime factors of 21007?
7, 3001
What are the prime factors of 52156?
2, 13, 17, 59
List the prime factors of 10774.
2, 5387
List the prime factors of 1028.
2, 257
List the prime factors of 28081.
28081
List the prime factors of 36828.
2, 3, 11, 31
List the prime factors of 2404.
2, 601
List the prime factors of 2238.
2, 3, 373
What are the prime factors of 76324?
2, 19081
What are the prime factors of 1629?
3, 181
List the prime factors of 5288.
2, 661
List the prime factors of 16020.
2, 3, 5, 89
What are the prime factors of 6524?
2, 7, 233
What are the prime factors of 12097?
12097
What are the prime factors of 667?
23, 29
What are the prime factors of 7398?
2, 3, 137
What are the prime factors of 3200?
2, 5
List the prime factors of 4356.
2, 3, 11
List the prime factors of 1148.
2, 7, 41
What are the prime factors of 44995?
5, 8999
What are the prime factors of 10598?
2, 7, 757
List the prime factors of 111900.
2, 3, 5, 373
What are the prime factors of 621?
3, 23
List the prime factors of 149.
149
What are the prime factors of 19853?
19853
What are the prime factors of 1046?
2, 523
List the prime factors of 4127.
4127
What are the prime factors of 4777?
17, 281
List the prime factors of 4142.
2, 19, 109
List the prime factors of 95.
5, 19
List the prime factors of 153580.
2, 5, 7, 1097
What are the prime factors of 12182?
2, 6091
List the prime factors of 11833.
11833
What are the prime factors of 3337?
47, 71
What are the prime factors of 984?
2, 3, 41
What are the prime factors of 1482?
2, 3, 13, 19
List the prime factors of 13763.
13763
List the prime factors of 1071.
3, 7, 17
List the prime factors of 937.
937
What are the prime factors of 100?
2, 5
What are the prime factors of 67053?
3, 7, 31, 103
List the prime factors of 3433.
3433
What are the prime factors of 16332?
2, 3, 1361
List the prime factors of 192.
2, 3
What are the prime factors of 13170?
2, 3, 5, 439
List the prime factors of 27417.
3, 13, 19, 37
What are the prime factors of 1825?
5, 73
What are the prime factors of 1311?
3, 19, 23
List the prime factors of 3431.
47, 73
List the prime factors of 5901.
3, 7, 281
What are the prime factors of 26330?
2, 5, 2633
List the prime factors of 8979.
3, 41, 73
List the prime factors of 104190.
2, 3, 5, 23, 151
What are the prime factors of 142691?
293, 487
List the prime factors of 3557.
3557
List the prime factors of 68091.
3, 22697
List the prime factors of 528.
2, 3, 11
What are the prime factors of 32476?
2, 23, 353
What are the prime factors of 522?
2, 3, 29
What are the prime factors of 562?
2, 281
What are the prime factors of 2854?
2, 1427
List the prime factors of 1339.
13, 103
What are the prime factors of 8654?
2, 4327
List the prime factors of 5194.
2, 7, 53
List the prime factors of 100808.
2, 12601
What are the prime factors of 1703?
13, 131
List the prime factors of 3303.
3, 367
List the prime factors of 36349.
163, 223
What are the prime factors of 17581?
17581
What are the prime factors of 55100?
2, 5, 19, 29
List the prime factors of 15749.
15749
What are the prime factors of 469?
7, 67
List the prime factors of 642.
2, 3, 107
List the prime factors of 2359.
7, 337
List the prime factors of 16218.
2, 3, 17, 53
What are the prime factors of 12230?
2, 5, 1223
List the prime factors of 1059.
3, 353
List the prime factors of 4785.
3, 5, 11, 29
What are the prime factors of 98511?
3, 7, 4691
What are the prime factors of 2513?
7, 359
List the prime factors of 403.
13, 31
What are the prime factors of 10044?
2, 3, 31
List the prime factors of 5404.
2, 7, 193
List the prime factors of 4227.
3, 1409
List the prime factors of 3897.
3, 433
List the prime factors of 3335.
5, 23, 29
What are the prime factors of 47705?
5, 7, 29, 47
What are the prime factors of 7850?
2, 5, 157
List the prime factors of 730.
2, 5, 73
List the prime factors of 20033.
13, 23, 67
What are the prime factors of 47290?
2, 5, 4729
What are the prime factors of 644?
2, 7, 23
List the prime factors of 14069.
11, 1279
List the prime factors of 42272.
2, 1321
What are the prime factors of 1199?
11, 109
List the prime factors of 3873.
3, 1291
List the prime factors of 1028.
2, 257
List the prime factors of 2481.
3, 827
List the prime factors of 695.
5, 139
List the prime factors of 1270.
2, 5, 127
List the prime factors of 219.
3, 73
List the prime factors of 1230.
2, 3, 5, 41
List the prime factors of 2551.
2551
List the prime factors of 1934.
2, 967
What are the prime factors of 24043?
24043
What are the prime factors of 117442?
2, 13, 4517
What are the prime factors of 983?
983
What are the prime factors of 32847?
3, 10949
What are the prime factors of 39822?
2, 3, 6637
What are the prime factors of 441?
3, 7
What are the prime factors of 53723?
31, 1733
What are the prime factors of 50511?
3, 113, 149
What are the prime factors of 5491?
17, 19
What are the prime factors of 14706?
2, 3, 19, 43
What are the prime factors of 885?
3, 5, 59
What are the prime factors of 4470?
2, 3, 5, 149
What are the prime factors of 1396?
2, 349
List the prime factors of 3558.
2, 3, 593
What are the prime factors of 24021?
3, 17, 157
List the prime factors of 10450.
2, 5, 11, 19
What are the prime factors of 61800?
2, 3, 5, 103
What are the prime factors of 327?
3, 109
List the prime factors of 4008.
2, 3, 167
What are the prime factors of 5799?
3, 1933
List the prime factors of 7754.
2, 3877
What are the prime factors of 2901?
3, 967
List the prime factors of 1391.
13, 107
What are the prime factors of 1342?
2, 11, 61
What are the prime factors of 82?
2, 41
What are the prime factors of 14037?
3, 4679
List the prime factors of 3198.
2, 3, 13, 41
List the prime factors of 6767.
67, 101
What are the prime factors of 34061?
34061
What are the prime factors of 1137?
3, 379
List the prime factors of 61553.
61553
What are the prime factors of 2043?
3, 227
List the prime factors of 3307.
3307
List the prime factors of 1201.
1201
What are the prime factors of 1450?
2, 5, 29
What are the prime factors of 16241?
109, 149
What are the prime factors of 18746?
2, 7, 13, 103
List the prime factors of 225.
3, 5
What are the prime factors of 1646?
2, 823
What are the prime factors of 19599?
3, 47, 139
What are the prime factors of 650?
2, 5, 13
What are the prime factors of 22060?
2, 5, 1103
List the prime factors of 13345.
5, 17, 157
What are the prime factors of 1190?
2, 5, 7, 17
List the prime factors of 47851.
109, 439
What are the prime factors of 16740?
2, 3, 5, 31
List the prime factors of 2719.
2719
List the prime factors of 77774.
2, 37, 1051
List the prime factors of 983.
983
What are the prime factors of 1657?
1657
List the prime factors of 10075.
5, 13, 31
What are the prime factors of 72689?
72689
List the prime factors of 20574.
2, 3, 127
List the prime factors of 54049.
54049
List the prime factors of 693.
3, 7, 11
List the prime factors of 5568.
2, 3, 29
What are the prime factors of 463?
463
List the prime factors of 79885.
5, 13, 1229
List the prime factors of 4119.
3, 1373
List the prime factors of 4289.
4289
List the prime factors of 3376.
2, 211
List the prime factors of 15887.
15887
List the prime factors of 4649.
4649
List the prime factors of 5987.
5987
What are the prime factors of 8500?
2, 5, 17
List the prime factors of 9790.
2, 5, 11, 89
What are the prime factors of 56123?
56123
What are the prime factors of 12682?
2, 17, 373
List the prime factors of 31425.
3, 5, 419
List the prime factors of 143.
11, 13
List the prime factors of 176.
2, 11
List the prime factors of